{"id":648,"date":"2018-04-26T13:57:21","date_gmt":"2018-04-26T16:57:21","guid":{"rendered":"https:\/\/coreconpe.gov.br\/transparencia\/?page_id=648"},"modified":"2023-10-16T09:14:58","modified_gmt":"2023-10-16T12:14:58","slug":"licitacoes-2","status":"publish","type":"page","link":"https:\/\/coreconpe.gov.br\/transparencia\/licitacoes-2\/","title":{"rendered":"Licita\u00e7\u00f5es"},"content":{"rendered":"<h2><b>2023<\/b><\/h2>\n<p><a href=\"https:\/\/coreconpe.gov.br\/uploads\/licitacoes\/Quadro de Procedimentos Licitat\u00f3rios de 2023.pdf\">Quadro de Procedimentos Licitat\u00f3rios de 2023<\/a><\/p>\n<h2><b>2022<\/b><\/h2>\n<p><a href=\"https:\/\/coreconpe.gov.br\/uploads\/licitacoes\/Quadro de Procedimentos Licitat\u00f3rios de 2022.pdf\">Quadro de Procedimentos Licitat\u00f3rios de 2022<\/a><\/p>\n<h2><b>2021<\/b><\/h2>\n<p><a href=\"https:\/\/coreconpe.gov.br\/uploads\/licitacoes\/Quadro_de_Procedimentos_Licitat\u00f3rios_de_2021.pdf\">Quadro de Procedimentos Licitat\u00f3rios de 2021<\/a><\/p>\n<h2><b>2020<\/b><\/h2>\n<p><a href=\"https:\/\/coreconpe.gov.br\/uploads\/licitacoes\/Quadro_de_Procedimentos_Licitat\u00f3rios_de_2020.pdf\">Quadro de Procedimentos Licitat\u00f3rios de 2020<\/a><\/p>\n<h2><b>2019<\/b><\/h2>\n<p><a href=\"https:\/\/coreconpe.gov.br\/uploads\/licitacoes\/termo_de_cooperacao_tecnica01_2019cofecon_software_contabilidade.pdf\">TERMO DE COOPERA\u00c7\u00c3O T\u00c9CNICA 01\/2019 &#8211; COFECON &#8211; SOFTWARE CONTABILIDADE<\/a><\/p>\n<p><a href=\"https:\/\/coreconpe.gov.br\/uploads\/licitacoes\/contrato_n01_2019processo_seletivo_simplificado_instituto_quadrix.pdf\">CONTRATO N\u00ba 01\/2019 &#8211; PROCESSO SELETIVO SIMPLIFICADO &#8211; INSTITUTO QUADRIX<\/a><\/p>\n<h2><b>2018<\/b><\/h2>\n<p><a href=\"https:\/\/coreconpe.gov.br\/uploads\/licitacoes\/CONV%C3%8ANIO%20-%20AD%20DIPER%20-%202018.pdf\">CONV\u00caNIO &#8211; AD DIPER &#8211; 2018<\/a><\/p>\n<h2><b>2017<\/b><\/h2>\n<p><a href=\"https:\/\/coreconpe.gov.br\/uploads\/licitacoes\/DOA%C3%87%C3%83O%20-%20BENS%20INSERV%C3%8DVEIS.pdf\">DOA\u00c7\u00c3O &#8211; BENS INSERV\u00cdVEIS<\/a><\/p>\n<p><a href=\"https:\/\/coreconpe.gov.br\/uploads\/licitacoes\/CONTRATO%20ARQUIVEM%20-%202017.pdf\">CONTRATO ARQUIVEM &#8211; 2017<\/a><\/p>\n<p><a href=\"https:\/\/coreconpe.gov.br\/uploads\/licitacoes\/CONTRATO%20CIELO%20-%202017.pdf\">CONTRATO CIELO &#8211; 2017<\/a><\/p>\n<p><a href=\"https:\/\/coreconpe.gov.br\/uploads\/licitacoes\/CONV%C3%8ANIO%20BNB%20LIVRO%20DO%20V%20ENPECON%20-%202017.pdf\">CONV\u00caNIO BNB LIVRO DO V ENPECON &#8211; 2017<\/a><\/p>\n<p><a href=\"https:\/\/coreconpe.gov.br\/uploads\/licitacoes\/CONV%C3%8ANIO_CLUBE%20DE%20SA%C3%9ADE%20-%202017.pdf\">CONV\u00caNIO_CLUBE DE SA\u00daDE &#8211; 2017<\/a><\/p>\n<p><a href=\"https:\/\/coreconpe.gov.br\/uploads\/licitacoes\/DISPENSA%20DE%20LICITA%C3%87%C3%83O%20-%20SISTEMA%20DE%20PESSOAL%20-%202017-.pdf\">DISPENSA DE LICITA\u00c7\u00c3O &#8211; SISTEMA DE PESSOAL &#8211; 2017<\/a><\/p>\n<p><a href=\"https:\/\/coreconpe.gov.br\/uploads\/licitacoes\/PROCESSO%20DE%20DESFAZIMENTO%20DE%20BENS%20INSERV%C3%8DVEIS%20-%202017.pdf\">PROCESSO DE DESFAZIMENTO DE BENS INSERV\u00cdVEIS &#8211; 2017<\/a><\/p>\n<h2><b>2016<\/b><\/h2>\n<p><a href=\"https:\/\/coreconpe.gov.br\/transparencia\/index.php\/reforma-corecon-pe\/\">REFORMA CORECON-PE<\/a><\/p>\n<p><a href=\"https:\/\/coreconpe.gov.br\/uploads\/licitacoes\/dispensa_de_licitacao_impressao_do_livro_do_v_enpecon_2016.pdf\">DISPENSA DE LICITA\u00c7\u00c3O &#8211; IMPRESS\u00c3O DO LIVRO V ENPECON<\/a><\/p>\n<p><a href=\"https:\/\/coreconpe.gov.br\/uploads\/licitacoes\/CARTA%20CONVITE%20-%20CONTRATA%C3%87%C3%83O%20ASSESSORIA%20CONT%C3%81BIL%202016.pdf\">CARTA CONVITE &#8211; CONTRATA\u00c7\u00c3O ASSESSORIA CONT\u00c1BIL 2016<\/a><\/p>\n<p><a href=\"https:\/\/coreconpe.gov.br\/uploads\/licitacoes\/CARTA%20CONVITE%20-%20CONTRATA%C3%87%C3%83O%20DE%20ASSESSORIA%20JUR%C3%8DDICA%202016.pdf\">CARTA CONVITE &#8211; CONTRATA\u00c7\u00c3O DE ASSESSORIA JUR\u00cdDICA 2016<\/a><\/p>\n<p><a href=\"https:\/\/coreconpe.gov.br\/uploads\/licitacoes\/CONV%C3%8ANIO_QUALICORP%20-%202016.pdf\">CONV\u00caNIO QUALICORP &#8211; 2016<\/a><\/p>\n<p><a href=\"https:\/\/coreconpe.gov.br\/uploads\/licitacoes\/DISPENSA%20DE%20LICITA%C3%87%C3%83O%20-%20IMPRESS%C3%83O%20DO%20LIVRO%20DO%20V%20ENPECON%20-%202016%20-.pdf\">DISPENSA DE LICITA\u00c7\u00c3O &#8211; IMPRESS\u00c3O DO LIVRO DO V ENPECON &#8211; 2016<\/a><\/p>\n<p><a href=\"https:\/\/coreconpe.gov.br\/uploads\/licitacoes\/DISPENSA%20DE%20LICITA%C3%87%C3%83O%20-%20PROCESSO%20ENCERRADO-%20SISTEMA%20DE%20PAGAMENTO%20ON%20LINE%202016.pdf\">DISPENSA DE LICITA\u00c7\u00c3O &#8211; PROCESSO ENCERRADO- SISTEMA DE PAGAMENTO ON LINE 2016<\/a><\/p>\n<h2><b>2013<\/b><\/h2>\n<p><a href=\"https:\/\/coreconpe.gov.br\/uploads\/licitacoes\/INEXIGIBILIDADE%20-%20CONTRATA%C3%87%C3%83O%20DE%20ESCRIT%C3%93RIO%20DE%20ADVOCACIA%20-%202013.pdf\">INEXIGIBILIDADE &#8211; CONTRATA\u00c7\u00c3O DE ESCRIT\u00d3RIO DE ADVOCACIA &#8211; 2013<\/a><\/p>\n","protected":false},"excerpt":{"rendered":"<p>2023 Quadro de Procedimentos Licitat\u00f3rios de 2023 2022 Quadro de Procedimentos Licitat\u00f3rios de 2022 2021 Quadro de Procedimentos Licitat\u00f3rios de 2021 2020 Quadro de Procedimentos Licitat\u00f3rios de 2020 2019 TERMO DE COOPERA\u00c7\u00c3O T\u00c9CNICA 01\/2019 &#8211; COFECON &#8211; SOFTWARE CONTABILIDADE CONTRATO N\u00ba 01\/2019 &#8211; PROCESSO SELETIVO SIMPLIFICADO &#8211; INSTITUTO QUADRIX 2018 CONV\u00caNIO &#8211; AD DIPER &#8211; &hellip; <a href=\"https:\/\/coreconpe.gov.br\/transparencia\/licitacoes-2\/\" class=\"more-link\">Continue reading <span class=\"screen-reader-text\">Licita\u00e7\u00f5es<\/span><\/a><\/p>\n","protected":false},"author":1,"featured_media":0,"parent":0,"menu_order":0,"comment_status":"closed","ping_status":"closed","template":"","meta":{"om_disable_all_campaigns":false,"_monsterinsights_skip_tracking":false,"_monsterinsights_sitenote_active":false,"_monsterinsights_sitenote_note":"","_monsterinsights_sitenote_category":0,"footnotes":""},"class_list":["post-648","page","type-page","status-publish","hentry"],"aioseo_notices":[],"_links":{"self":[{"href":"https:\/\/coreconpe.gov.br\/transparencia\/wp-json\/wp\/v2\/pages\/648","targetHints":{"allow":["GET"]}}],"collection":[{"href":"https:\/\/coreconpe.gov.br\/transparencia\/wp-json\/wp\/v2\/pages"}],"about":[{"href":"https:\/\/coreconpe.gov.br\/transparencia\/wp-json\/wp\/v2\/types\/page"}],"author":[{"embeddable":true,"href":"https:\/\/coreconpe.gov.br\/transparencia\/wp-json\/wp\/v2\/users\/1"}],"replies":[{"embeddable":true,"href":"https:\/\/coreconpe.gov.br\/transparencia\/wp-json\/wp\/v2\/comments?post=648"}],"version-history":[{"count":27,"href":"https:\/\/coreconpe.gov.br\/transparencia\/wp-json\/wp\/v2\/pages\/648\/revisions"}],"predecessor-version":[{"id":2336,"href":"https:\/\/coreconpe.gov.br\/transparencia\/wp-json\/wp\/v2\/pages\/648\/revisions\/2336"}],"wp:attachment":[{"href":"https:\/\/coreconpe.gov.br\/transparencia\/wp-json\/wp\/v2\/media?parent=648"}],"curies":[{"name":"wp","href":"https:\/\/api.w.org\/{rel}","templated":true}]}}