{"id":458,"date":"2017-09-26T13:09:51","date_gmt":"2017-09-26T16:09:51","guid":{"rendered":"http:\/\/coreconpe.gov.br\/transparencia\/?page_id=458"},"modified":"2023-11-22T13:39:16","modified_gmt":"2023-11-22T16:39:16","slug":"passagens-e-diarias","status":"publish","type":"page","link":"https:\/\/coreconpe.gov.br\/transparencia\/passagens-e-diarias\/","title":{"rendered":"Passagens e di\u00e1rias"},"content":{"rendered":"<p><span style=\"font-size: 24pt;\"><strong>2023<\/strong><\/span><\/p>\n<p><a href=\"http:\/\/coreconpe.gov.br\/transparencia\/wp-content\/uploads\/2023\/Passagens e Di\u00e1rias - Ano 2023.pdf\">Passagens e Di\u00e1rias &#8211; Ano 2023<\/a><\/p>\n<p><a href=\"http:\/\/coreconpe.gov.br\/transparencia\/wp-content\/uploads\/2023\/Passagens e Di\u00e1rias - Ano 2023.csv\">Passagens e Di\u00e1rias &#8211; Ano 2023.csv<\/a><\/p>\n<p><span style=\"font-size: 24pt;\"><strong>2022<\/strong><\/span><\/p>\n<p><a href=\"http:\/\/coreconpe.gov.br\/transparencia\/wp-content\/uploads\/2022\/PassagenseDiariasAno2022.pdf\">Passagens e Di\u00e1rias &#8211; Ano 2022<\/a><\/p>\n<p><span style=\"font-size: 24pt;\"><strong>2021<\/strong><\/span><\/p>\n<p>N\u00e3o houve gastos com Passagens e Di\u00e1rias no exerc\u00edcio de 2021.<\/p>\n<p><span style=\"font-size: 24pt;\"><strong>2020<\/strong><\/span><\/p>\n<p><a href=\"https:\/\/coreconpe.gov.br\/transparencia\/wp-content\/uploads\/2020\/diarias_ano_2020.pdf\">Di\u00e1rias &#8211; Ano 2020<\/a><\/p>\n<p><b><br \/>\n<\/b><span style=\"font-size: 24pt;\"><strong>2019<\/strong><\/span><\/p>\n<p><a href=\"https:\/\/coreconpe.gov.br\/transparencia\/wp-content\/uploads\/2019\/diarias_ano_2019.pdf\">Di\u00e1rias &#8211; Ano 2019<\/a><\/p>\n<p><a href=\"https:\/\/coreconpe.gov.br\/transparencia\/wp-content\/uploads\/2019\/passagens_ano_2019.pdf\">Passagens &#8211; Ano 2019<\/a><\/p>\n<p><span style=\"font-size: 24pt;\"><strong>2018<\/strong><\/span><\/p>\n<p><a href=\"https:\/\/coreconpe.gov.br\/transparencia\/wp-content\/uploads\/2017\/09\/Di\u00e1rias-Ano-2018.pdf\">Di\u00e1rias &#8211; Ano 2018<\/a><\/p>\n<p><span style=\"font-size: 24pt;\"><strong>2017<\/strong><\/span><\/p>\n<p><a href=\"http:\/\/coreconpe.gov.br\/transparencia\/wp-content\/uploads\/2017\/09\/Passagens-e-Di\u00e1rias-Ano-2017.pdf\">Passagens e Di\u00e1rias &#8211; Ano 2017<\/a><\/p>\n","protected":false},"excerpt":{"rendered":"<p>2023 Passagens e Di\u00e1rias &#8211; Ano 2023 Passagens e Di\u00e1rias &#8211; Ano 2023.csv 2022 Passagens e Di\u00e1rias &#8211; Ano 2022 2021 N\u00e3o houve gastos com Passagens e Di\u00e1rias no exerc\u00edcio de 2021. 2020 Di\u00e1rias &#8211; Ano 2020 2019 Di\u00e1rias &#8211; Ano 2019 Passagens &#8211; Ano 2019 2018 Di\u00e1rias &#8211; Ano 2018 2017 Passagens e Di\u00e1rias &hellip; <a href=\"https:\/\/coreconpe.gov.br\/transparencia\/passagens-e-diarias\/\" class=\"more-link\">Continue reading <span class=\"screen-reader-text\">Passagens e di\u00e1rias<\/span><\/a><\/p>\n","protected":false},"author":1,"featured_media":0,"parent":0,"menu_order":0,"comment_status":"closed","ping_status":"closed","template":"","meta":{"om_disable_all_campaigns":false,"_monsterinsights_skip_tracking":false,"_monsterinsights_sitenote_active":false,"_monsterinsights_sitenote_note":"","_monsterinsights_sitenote_category":0,"footnotes":""},"class_list":["post-458","page","type-page","status-publish","hentry"],"aioseo_notices":[],"_links":{"self":[{"href":"https:\/\/coreconpe.gov.br\/transparencia\/wp-json\/wp\/v2\/pages\/458","targetHints":{"allow":["GET"]}}],"collection":[{"href":"https:\/\/coreconpe.gov.br\/transparencia\/wp-json\/wp\/v2\/pages"}],"about":[{"href":"https:\/\/coreconpe.gov.br\/transparencia\/wp-json\/wp\/v2\/types\/page"}],"author":[{"embeddable":true,"href":"https:\/\/coreconpe.gov.br\/transparencia\/wp-json\/wp\/v2\/users\/1"}],"replies":[{"embeddable":true,"href":"https:\/\/coreconpe.gov.br\/transparencia\/wp-json\/wp\/v2\/comments?post=458"}],"version-history":[{"count":21,"href":"https:\/\/coreconpe.gov.br\/transparencia\/wp-json\/wp\/v2\/pages\/458\/revisions"}],"predecessor-version":[{"id":2393,"href":"https:\/\/coreconpe.gov.br\/transparencia\/wp-json\/wp\/v2\/pages\/458\/revisions\/2393"}],"wp:attachment":[{"href":"https:\/\/coreconpe.gov.br\/transparencia\/wp-json\/wp\/v2\/media?parent=458"}],"curies":[{"name":"wp","href":"https:\/\/api.w.org\/{rel}","templated":true}]}}