{"id":383,"date":"2017-09-22T14:29:46","date_gmt":"2017-09-22T17:29:46","guid":{"rendered":"http:\/\/coreconpe.gov.br\/transparencia\/?page_id=383"},"modified":"2024-02-29T12:33:20","modified_gmt":"2024-02-29T15:33:20","slug":"comissoes-e-grupos-de-trabalho","status":"publish","type":"page","link":"https:\/\/coreconpe.gov.br\/transparencia\/comissoes-e-grupos-de-trabalho\/","title":{"rendered":"Comiss\u00f5es e Grupos de Trabalho"},"content":{"rendered":"<p><a href=\"https:\/\/coreconpe.gov.br\/transparencia\/wp-content\/uploads\/2024\/Comiss\u00f5es Tem\u00e1ticas \u2013 2024.pdf\">Comiss\u00f5es Tem\u00e1ticas &#8211; 2024<\/a><\/p>\n<p><a href=\"https:\/\/coreconpe.gov.br\/transparencia\/wp-content\/uploads\/2024\/Comiss\u00e3o Permanente \u2013 2024.pdf\">Comiss\u00f5es Permanentes &#8211; 2024<\/a><\/p>\n<p><a href=\"https:\/\/coreconpe.gov.br\/transparencia\/wp-content\/uploads\/2023\/ComissoesPermanentes2023.pdf\">Comiss\u00f5es Permanentes &#8211; 2023<\/a><\/p>\n<p><a href=\"https:\/\/coreconpe.gov.br\/transparencia\/wp-content\/uploads\/2022\/Comiss\u00f5es_Tem\u00e1ticas_ 2022.pdf\">Comiss\u00f5es Tem\u00e1ticas &#8211; 2022<\/a><\/p>\n<p><a href=\"https:\/\/coreconpe.gov.br\/transparencia\/wp-content\/uploads\/2022\/Comiss\u00f5es_Permanentes_2022.pdf\">Comiss\u00f5es Permanentes &#8211; 2022<\/a><\/p>\n<p><a href=\"https:\/\/coreconpe.gov.br\/transparencia\/wp-content\/uploads\/2021\/comissoes_tematicas_2021.pdf\">Comiss\u00f5es Tem\u00e1ticas &#8211; 2021<\/a><\/p>\n<p><a href=\"https:\/\/coreconpe.gov.br\/transparencia\/wp-content\/uploads\/2021\/comissoes_permanentes_2021.pdf\">Comiss\u00f5es Permanentes &#8211; 2021<\/a><\/p>\n<p><a href=\"https:\/\/coreconpe.gov.br\/transparencia\/wp-content\/uploads\/2020\/Comissoes-Tematicas-CoreconPE-2020.pdf\">Comiss\u00f5es Tem\u00e1ticas &#8211; Corecon-PE &#8211; 2020<\/a><\/p>\n<p><a href=\"https:\/\/coreconpe.gov.br\/transparencia\/wp-content\/uploads\/2020\/Comissoes-Permanentes-CoreconPE-2020.pdf\">Comiss\u00f5es Permanentes &#8211; Corecon-PE &#8211; 2020<\/a><\/p>\n<p><a href=\"https:\/\/coreconpe.gov.br\/transparencia\/wp-content\/uploads\/2017\/09\/Comiss\u00f5es-Tem\u00e1ticas-Corecon-PE-2019.pdf\">Comiss\u00f5es Tem\u00e1ticas &#8211; Corecon-PE 2019<\/a><\/p>\n<p><a href=\"https:\/\/coreconpe.gov.br\/transparencia\/wp-content\/uploads\/2017\/09\/Comiss\u00f5es-Permanentes-Corecon-PE-2019.pdf\">Comiss\u00f5es Permanentes &#8211; Corecon-PE 2019<\/a><\/p>\n<p><a href=\"https:\/\/coreconpe.gov.br\/transparencia\/index.php\/comissoes-e-grupos-de-trabalho-18\/\">Comiss\u00f5es e Grupos de Trabalho 2018<\/a><\/p>\n<p><a href=\"https:\/\/coreconpe.gov.br\/transparencia\/index.php\/comissoes-e-grupos-de-trabalho-17\/\">Comiss\u00f5es e Grupos de Trabalho 2017<\/a><\/p>\n","protected":false},"excerpt":{"rendered":"<p>Comiss\u00f5es Tem\u00e1ticas &#8211; 2024 Comiss\u00f5es Permanentes &#8211; 2024 Comiss\u00f5es Permanentes &#8211; 2023 Comiss\u00f5es Tem\u00e1ticas &#8211; 2022 Comiss\u00f5es Permanentes &#8211; 2022 Comiss\u00f5es Tem\u00e1ticas &#8211; 2021 Comiss\u00f5es Permanentes &#8211; 2021 Comiss\u00f5es Tem\u00e1ticas &#8211; Corecon-PE &#8211; 2020 Comiss\u00f5es Permanentes &#8211; Corecon-PE &#8211; 2020 Comiss\u00f5es Tem\u00e1ticas &#8211; Corecon-PE 2019 Comiss\u00f5es Permanentes &#8211; Corecon-PE 2019 Comiss\u00f5es e Grupos de Trabalho &hellip; <a href=\"https:\/\/coreconpe.gov.br\/transparencia\/comissoes-e-grupos-de-trabalho\/\" class=\"more-link\">Continue reading <span class=\"screen-reader-text\">Comiss\u00f5es e Grupos de Trabalho<\/span><\/a><\/p>\n","protected":false},"author":1,"featured_media":0,"parent":0,"menu_order":0,"comment_status":"closed","ping_status":"closed","template":"","meta":{"om_disable_all_campaigns":false,"_monsterinsights_skip_tracking":false,"_monsterinsights_sitenote_active":false,"_monsterinsights_sitenote_note":"","_monsterinsights_sitenote_category":0,"footnotes":""},"class_list":["post-383","page","type-page","status-publish","hentry"],"aioseo_notices":[],"_links":{"self":[{"href":"https:\/\/coreconpe.gov.br\/transparencia\/wp-json\/wp\/v2\/pages\/383","targetHints":{"allow":["GET"]}}],"collection":[{"href":"https:\/\/coreconpe.gov.br\/transparencia\/wp-json\/wp\/v2\/pages"}],"about":[{"href":"https:\/\/coreconpe.gov.br\/transparencia\/wp-json\/wp\/v2\/types\/page"}],"author":[{"embeddable":true,"href":"https:\/\/coreconpe.gov.br\/transparencia\/wp-json\/wp\/v2\/users\/1"}],"replies":[{"embeddable":true,"href":"https:\/\/coreconpe.gov.br\/transparencia\/wp-json\/wp\/v2\/comments?post=383"}],"version-history":[{"count":18,"href":"https:\/\/coreconpe.gov.br\/transparencia\/wp-json\/wp\/v2\/pages\/383\/revisions"}],"predecessor-version":[{"id":2472,"href":"https:\/\/coreconpe.gov.br\/transparencia\/wp-json\/wp\/v2\/pages\/383\/revisions\/2472"}],"wp:attachment":[{"href":"https:\/\/coreconpe.gov.br\/transparencia\/wp-json\/wp\/v2\/media?parent=383"}],"curies":[{"name":"wp","href":"https:\/\/api.w.org\/{rel}","templated":true}]}}