{"id":2179,"date":"2023-03-16T11:32:49","date_gmt":"2023-03-16T14:32:49","guid":{"rendered":"https:\/\/coreconpe.gov.br\/transparencia\/?page_id=2179"},"modified":"2023-11-22T13:37:37","modified_gmt":"2023-11-22T16:37:37","slug":"orcamentos-2023","status":"publish","type":"page","link":"https:\/\/coreconpe.gov.br\/transparencia\/orcamentos-2023\/","title":{"rendered":"Or\u00e7amentos 2023"},"content":{"rendered":"\n<h3>Proposta Or\u00e7ament\u00e1ria<\/h3>\n\n<p><a href=\"https:\/\/coreconpe.gov.br\/transparencia\/wp-content\/uploads\/2023\/orcamentos\/RelatoriodaPropostaOrxcamentariaExercicio 2023.pdf\">Relat\u00f3rio da Proposta Or\u00e7ament\u00e1ria Exerc\u00edcio 2023<\/a><\/p>\n<p><a href=\"https:\/\/coreconpe.gov.br\/transparencia\/wp-content\/uploads\/2023\/orcamentos\/ResumodaPropostaOrcamentariaExercicio2023.pdf\">Resumo da Proposta Or\u00e7ament\u00e1ria Exerc\u00edcio 2023<\/a><\/p>\n<p><a href=\"https:\/\/coreconpe.gov.br\/transparencia\/wp-content\/uploads\/2023\/orcamentos\/Relat\u00f3rio da Reformula\u00e7\u00e3o Or\u00e7ament\u00e1ria Exerc\u00edcio 2023.pdf\">Relat\u00f3rio da Reformula\u00e7\u00e3o Or\u00e7ament\u00e1ria Exerc\u00edcio 2023<\/a><\/p>\n\n<h3>Receitas Trimestrais<\/h3>\n\n<p><a href=\"https:\/\/coreconpe.gov.br\/transparencia\/wp-content\/uploads\/2023\/orcamentos\/ComparativodaReceitaPrevistacomArrecadadado1Trimestrede2023.pdf\">Comparativo da Receita Prevista com Arrecadada do 1\u00ba Trimestre de 2023<\/a><\/p>\n<p><a href=\"https:\/\/coreconpe.gov.br\/transparencia\/wp-content\/uploads\/2023\/orcamentos\/ComparativodaReceitaPrevistacomArrecadadado1Trimestrede2023.csv\">Comparativo da Receita Prevista com Arrecadada do 1\u00ba Trimestre de 2023.csv<\/a><\/p>\n<p><a href=\"https:\/\/coreconpe.gov.br\/transparencia\/wp-content\/uploads\/2023\/orcamentos\/Comparativo da Receita_Prevista com Arrecadada at\u00e9 2\u00ba Trimestre de 2023.pdf\">Comparativo da Receita Prevista com Arrecadada do 2\u00ba Trimestre de 2023<\/a><\/p>\n<p><a href=\"https:\/\/coreconpe.gov.br\/transparencia\/wp-content\/uploads\/2023\/orcamentos\/Comparativo da Receita_Prevista com Arrecadada at\u00e9 2\u00ba Trimestre de 2023.csv\">Comparativo da Receita Prevista com Arrecadada do 2\u00ba Trimestre de 2023.csv<\/a><\/p>\n<p><a href=\"https:\/\/coreconpe.gov.br\/transparencia\/wp-content\/uploads\/2023\/orcamentos\/Comparativo da Receita Prevista com Arrecadada at\u00e9 3\u00ba Trimestre de 2023.pdf\">Comparativo da Receita Prevista com Arrecadada do 3\u00ba Trimestre de 2023<\/a><\/p>\n<p><a href=\"https:\/\/coreconpe.gov.br\/transparencia\/wp-content\/uploads\/2023\/orcamentos\/Comparativo da Receita Prevista com Arrecadada at\u00e9 3\u00ba Trimestre de 2023.csv\">Comparativo da Receita Prevista com Arrecadada do 3\u00ba Trimestre de 2023.csv<\/a><\/p>\n\n\n<h3>Despesas Trimestrais<\/h3>\n\n<p><a href=\"https:\/\/coreconpe.gov.br\/transparencia\/wp-content\/uploads\/2023\/orcamentos\/ComparativodaDespesAutorizadacomRealizadado1Trimestrede2023.pdf\">Comparativo da Despesa Autorizada com Realizada do 1\u00ba Trimestre de 2023<\/a><\/p>\n<p><a href=\"https:\/\/coreconpe.gov.br\/transparencia\/wp-content\/uploads\/2023\/orcamentos\/ComparativodaDespesaAutorizadacomRealizadado1Trimestrede2023.csv\">Comparativo da Despesa Autorizada com Realizada do 1\u00ba Trimestre de 2023.csv<\/a><\/p>\n<p><a href=\"https:\/\/coreconpe.gov.br\/transparencia\/wp-content\/uploads\/2023\/orcamentos\/Comparativo da Despesa Autorizada com Realizada at\u00e9 2\u00ba Trimestre de 2023.pdf\">Comparativo da Despesa Autorizada com Realizada do 2\u00ba Trimestre de 2023<\/a><\/p>\n<p><a href=\"https:\/\/coreconpe.gov.br\/transparencia\/wp-content\/uploads\/2023\/orcamentos\/Comparativo da Despesa Autorizada com Realizada at\u00e9 2\u00ba Trimestre de 2023.csv\">Comparativo da Despesa Autorizada com Realizada do 2\u00ba Trimestre de 2023.csv<\/a><\/p>\n<p><a href=\"https:\/\/coreconpe.gov.br\/transparencia\/wp-content\/uploads\/2023\/orcamentos\/Comparativo da Despesa Autorizada com Realizada at\u00e9 3\u00ba Trimestre de 2023.pdf\">Comparativo da Despesa Autorizada com Realizada do 3\u00ba Trimestre de 2023<\/a><\/p>\n<p><a href=\"https:\/\/coreconpe.gov.br\/transparencia\/wp-content\/uploads\/2023\/orcamentos\/Comparativo da Despesa Autorizada com Realizada at\u00e9 3\u00ba Trimestre de 2023.csv\">Comparativo da Despesa Autorizada com Realizada do 3\u00ba Trimestre de 2023.csv<\/a><\/p>\n","protected":false},"excerpt":{"rendered":"<p>Proposta Or\u00e7ament\u00e1ria Relat\u00f3rio da Proposta Or\u00e7ament\u00e1ria Exerc\u00edcio 2023 Resumo da Proposta Or\u00e7ament\u00e1ria Exerc\u00edcio 2023 Relat\u00f3rio da Reformula\u00e7\u00e3o Or\u00e7ament\u00e1ria Exerc\u00edcio 2023 Receitas Trimestrais Comparativo da Receita Prevista com Arrecadada do 1\u00ba Trimestre de 2023 Comparativo da Receita Prevista com Arrecadada do 1\u00ba Trimestre de 2023.csv Comparativo da Receita Prevista com Arrecadada do 2\u00ba Trimestre de 2023 &hellip; <a href=\"https:\/\/coreconpe.gov.br\/transparencia\/orcamentos-2023\/\" class=\"more-link\">Continue reading <span class=\"screen-reader-text\">Or\u00e7amentos 2023<\/span><\/a><\/p>\n","protected":false},"author":1,"featured_media":0,"parent":0,"menu_order":0,"comment_status":"closed","ping_status":"closed","template":"","meta":{"om_disable_all_campaigns":false,"_monsterinsights_skip_tracking":false,"_monsterinsights_sitenote_active":false,"_monsterinsights_sitenote_note":"","_monsterinsights_sitenote_category":0,"footnotes":""},"class_list":["post-2179","page","type-page","status-publish","hentry"],"aioseo_notices":[],"_links":{"self":[{"href":"https:\/\/coreconpe.gov.br\/transparencia\/wp-json\/wp\/v2\/pages\/2179","targetHints":{"allow":["GET"]}}],"collection":[{"href":"https:\/\/coreconpe.gov.br\/transparencia\/wp-json\/wp\/v2\/pages"}],"about":[{"href":"https:\/\/coreconpe.gov.br\/transparencia\/wp-json\/wp\/v2\/types\/page"}],"author":[{"embeddable":true,"href":"https:\/\/coreconpe.gov.br\/transparencia\/wp-json\/wp\/v2\/users\/1"}],"replies":[{"embeddable":true,"href":"https:\/\/coreconpe.gov.br\/transparencia\/wp-json\/wp\/v2\/comments?post=2179"}],"version-history":[{"count":13,"href":"https:\/\/coreconpe.gov.br\/transparencia\/wp-json\/wp\/v2\/pages\/2179\/revisions"}],"predecessor-version":[{"id":2391,"href":"https:\/\/coreconpe.gov.br\/transparencia\/wp-json\/wp\/v2\/pages\/2179\/revisions\/2391"}],"wp:attachment":[{"href":"https:\/\/coreconpe.gov.br\/transparencia\/wp-json\/wp\/v2\/media?parent=2179"}],"curies":[{"name":"wp","href":"https:\/\/api.w.org\/{rel}","templated":true}]}}