{"id":1673,"date":"2022-01-12T16:56:16","date_gmt":"2022-01-12T19:56:16","guid":{"rendered":"https:\/\/coreconpe.gov.br\/transparencia\/?page_id=1673"},"modified":"2023-05-12T10:53:43","modified_gmt":"2023-05-12T13:53:43","slug":"rol-de-responsaveis-2022","status":"publish","type":"page","link":"https:\/\/coreconpe.gov.br\/transparencia\/rol-de-responsaveis-2022\/","title":{"rendered":"Rol de Respons\u00e1veis 2022"},"content":{"rendered":"\n<p><strong>Andr\u00e9 Lima de Morais<\/strong><br>CPF: XXX.800.244-XX<br>Presidente do Corecon-PE<br>Gest\u00e3o 2022<br><a href=\"https:\/\/coreconpe.gov.br\/transparencia\/wp-content\/uploads\/2022\/ata\/Ata_da_1\u00aa_Reuni\u00e3o_Ordin\u00e1ria_do_Corecon_PE_realizada_no_dia_06_01_2022.pdf\">Ata Elei\u00e7\u00e3o 2022<\/a><br><a>andrelmorais@outlook.com<\/a><\/p>\n\n\n\n<p><b>Poema Isis Andrade de Souza<\/b><br>\nCPF: XXX.266.954-XX<br>\nVice-Presidente do Corecon-PE<br>\nGest\u00e3o 2022<br>\n<a href=\"https:\/\/coreconpe.gov.br\/transparencia\/wp-content\/uploads\/2022\/ata\/Ata_da_1\u00aa_Reuni\u00e3o_Ordin\u00e1ria_do_Corecon_PE_realizada_no_dia_06_01_2022.pdf\">Ata Elei\u00e7\u00e3o 2022<\/a><br>\n<a href=\"poema.isis@gmail.com\">poema.isis@gmail.com<\/a><\/p>\n\n\n\n<p><strong>Rayssa Kelly Melo das Merc\u00eas<\/strong><br>CPF: XXX.804.804-XX<br>Gerente Executiva<br><a href=\"https:\/\/coreconpe.gov.br\/transparencia\/wp-content\/uploads\/2018\/01\/portaria_09_2018_nomeia_rayssa_merces_para_gerencia.pdf\">Portaria n\u00ba 09, de 18 de dezembro de 2018<\/a><br><a href=\"gerencia@coreconpe.gov.br\">gerencia@coreconpe.gov.br<\/a><\/p>\n\n\n\n<p><b>Rayssa Kelly Melo das Merc\u00eas<\/b><br>\nCPF: XXX.804.804-XX<br>\nContadora<br>\n<a href=\"https:\/\/coreconpe.gov.br\/uploads\/portarias\/Portaria%2021%202017%20Nomeia%20Rayssa%20Merc%C3%AAs.pdf\">Portaria n\u00ba 21, de 13 de novembro de 2017<\/a><br>\n<a href=\"financeiro@coreconpe.gov.br\">financeiro@coreconpe.gov.br<\/a><\/p>\n\n\n\n<p><strong>Rayssa Kelly Melo das Merc\u00eas<\/strong><br>CPF: XXX.804.804-XX<br>Tesoureira<br><a href=\"https:\/\/coreconpe.gov.br\/transparencia\/wp-content\/uploads\/2022\/portarias\/Portaria_05_2022_Designa_Tesoureira_Rayssa_Merc\u00eas.pdf\">Portaria n\u00ba 05, de 06 de janeiro de 2022<\/a><br><a href=\"financeiro@coreconpe.gov.br\">financeiro@coreconpe.gov.br<\/a><\/p>\n","protected":false},"excerpt":{"rendered":"<p>Andr\u00e9 Lima de MoraisCPF: XXX.800.244-XXPresidente do Corecon-PEGest\u00e3o 2022Ata Elei\u00e7\u00e3o 2022andrelmorais@outlook.com Poema Isis Andrade de Souza CPF: XXX.266.954-XX Vice-Presidente do Corecon-PE Gest\u00e3o 2022 Ata Elei\u00e7\u00e3o 2022 poema.isis@gmail.com Rayssa Kelly Melo das Merc\u00easCPF: XXX.804.804-XXGerente ExecutivaPortaria n\u00ba 09, de 18 de dezembro de 2018gerencia@coreconpe.gov.br Rayssa Kelly Melo das Merc\u00eas CPF: XXX.804.804-XX Contadora Portaria n\u00ba 21, de 13 de &hellip; <a href=\"https:\/\/coreconpe.gov.br\/transparencia\/rol-de-responsaveis-2022\/\" class=\"more-link\">Continue reading <span class=\"screen-reader-text\">Rol de Respons\u00e1veis 2022<\/span><\/a><\/p>\n","protected":false},"author":1,"featured_media":0,"parent":0,"menu_order":0,"comment_status":"closed","ping_status":"closed","template":"","meta":{"om_disable_all_campaigns":false,"_monsterinsights_skip_tracking":false,"_monsterinsights_sitenote_active":false,"_monsterinsights_sitenote_note":"","_monsterinsights_sitenote_category":0,"footnotes":""},"class_list":["post-1673","page","type-page","status-publish","hentry"],"aioseo_notices":[],"_links":{"self":[{"href":"https:\/\/coreconpe.gov.br\/transparencia\/wp-json\/wp\/v2\/pages\/1673","targetHints":{"allow":["GET"]}}],"collection":[{"href":"https:\/\/coreconpe.gov.br\/transparencia\/wp-json\/wp\/v2\/pages"}],"about":[{"href":"https:\/\/coreconpe.gov.br\/transparencia\/wp-json\/wp\/v2\/types\/page"}],"author":[{"embeddable":true,"href":"https:\/\/coreconpe.gov.br\/transparencia\/wp-json\/wp\/v2\/users\/1"}],"replies":[{"embeddable":true,"href":"https:\/\/coreconpe.gov.br\/transparencia\/wp-json\/wp\/v2\/comments?post=1673"}],"version-history":[{"count":4,"href":"https:\/\/coreconpe.gov.br\/transparencia\/wp-json\/wp\/v2\/pages\/1673\/revisions"}],"predecessor-version":[{"id":2211,"href":"https:\/\/coreconpe.gov.br\/transparencia\/wp-json\/wp\/v2\/pages\/1673\/revisions\/2211"}],"wp:attachment":[{"href":"https:\/\/coreconpe.gov.br\/transparencia\/wp-json\/wp\/v2\/media?parent=1673"}],"curies":[{"name":"wp","href":"https:\/\/api.w.org\/{rel}","templated":true}]}}

Rol de Responsáveis 2022

<p><strong>André Lima de Morais</strong><br>CPF: XXX.800.244-XX<br>Presidente do Corecon-PE<br>Gestão 2022<br><a href="https://coreconpe.gov.br/transparencia/wp-content/uploads/2022/ata/Ata_da_1ª_Reunião_Ordinária_do_Corecon_PE_realizada_no_dia_06_01_2022.pdf">Ata Eleição 2022</a><br><a>andrelmorais@outlook.com</a></p>



<p><b>Poema Isis Andrade de Souza</b><br>
CPF: XXX.266.954-XX<br>
Vice-Presidente do Corecon-PE<br>
Gestão 2022<br>
<a href="https://coreconpe.gov.br/transparencia/wp-content/uploads/2022/ata/Ata_da_1ª_Reunião_Ordinária_do_Corecon_PE_realizada_no_dia_06_01_2022.pdf">Ata Eleição 2022</a><br>
<a href="poema.isis@gmail.com">poema.isis@gmail.com</a></p>



<p><strong>Rayssa Kelly Melo das Mercês</strong><br>CPF: XXX.804.804-XX<br>Gerente Executiva<br><a href="https://coreconpe.gov.br/transparencia/wp-content/uploads/2018/01/portaria_09_2018_nomeia_rayssa_merces_para_gerencia.pdf">Portaria nº 09, de 18 de dezembro de 2018</a><br><a href="gerencia@coreconpe.gov.br">gerencia@coreconpe.gov.br</a></p>



<p><b>Rayssa Kelly Melo das Mercês</b><br>
CPF: XXX.804.804-XX<br>
Contadora<br>
<a href="https://coreconpe.gov.br/uploads/portarias/Portaria%2021%202017%20Nomeia%20Rayssa%20Merc%C3%AAs.pdf">Portaria nº 21, de 13 de novembro de 2017</a><br>
<a href="financeiro@coreconpe.gov.br">financeiro@coreconpe.gov.br</a></p>



<p><strong>Rayssa Kelly Melo das Mercês</strong><br>CPF: XXX.804.804-XX<br>Tesoureira<br><a href="https://coreconpe.gov.br/transparencia/wp-content/uploads/2022/portarias/Portaria_05_2022_Designa_Tesoureira_Rayssa_Mercês.pdf">Portaria nº 05, de 06 de janeiro de 2022</a><br><a href="financeiro@coreconpe.gov.br">financeiro@coreconpe.gov.br</a></p>

<p>André Lima de MoraisCPF: XXX.800.244-XXPresidente do Corecon-PEGestão 2022Ata Eleição 2022andrelmorais@outlook.com Poema Isis Andrade de Souza CPF: XXX.266.954-XX Vice-Presidente do Corecon-PE Gestão 2022 Ata Eleição 2022 poema.isis@gmail.com Rayssa Kelly Melo das MercêsCPF: XXX.804.804-XXGerente ExecutivaPortaria nº 09, de 18 de dezembro de 2018gerencia@coreconpe.gov.br Rayssa Kelly Melo das Mercês CPF: XXX.804.804-XX Contadora Portaria nº 21, de 13 de &hellip; <a href="https://coreconpe.gov.br/transparencia/rol-de-responsaveis-2022/" class="more-link">Continue reading <span class="screen-reader-text">Rol de Responsáveis 2022</span></a></p>
