{"id":1398,"date":"2021-04-01T13:42:11","date_gmt":"2021-04-01T16:42:11","guid":{"rendered":"https:\/\/coreconpe.gov.br\/transparencia\/?page_id=1398"},"modified":"2023-05-12T10:59:29","modified_gmt":"2023-05-12T13:59:29","slug":"rol-de-responsaveis-2020","status":"publish","type":"page","link":"https:\/\/coreconpe.gov.br\/transparencia\/rol-de-responsaveis-2020\/","title":{"rendered":"Rol de Respons\u00e1veis 2020"},"content":{"rendered":"\n<p><b>Ana Cl\u00e1udia de Albuquerque Arruda Laprovitera<\/b><br> CPF: XXX.957.164-XX<br> Presidente do Corecon-PE<br> Gest\u00e3o 2020<br> <a href=\"https:\/\/coreconpe.gov.br\/transparencia\/wp-content\/uploads\/2020\/atas\/ata_da_1_reuniao_ordinaria_do_coreconpe_realizada_no_dia_02_01_2020.pdf\">Ata Elei\u00e7\u00e3o 2020<\/a><br> <a heref=\"mailto:aarruda2012@gmail.com\">aarruda2012@gmail.com<\/a><\/p>\n\n\n\n<p><b>Andr\u00e9 Lima de Morais<\/b><br> CPF: XXX.800.244-XX<br> Vice-Presidente do Corecon-PE<br> Gest\u00e3o 2020<br> <a href=\"https:\/\/coreconpe.gov.br\/transparencia\/wp-content\/uploads\/2020\/atas\/ata_da_1_reuniao_ordinaria_do_coreconpe_realizada_no_dia_02_01_2020.pdf\">Ata Elei\u00e7\u00e3o 2020<\/a><br> <a heref=\"mailto:andrelmorais@outlook.com\">andrelmorais@outlook.com<\/a><\/p>\n\n\n\n<p><b>Rayssa Kelly Melo das Merc\u00eas<\/b><br> CPF: XXX.804.804-XX<br> Gerente Executiva<br> <a href=\"https:\/\/coreconpe.gov.br\/transparencia\/wp-content\/uploads\/2018\/01\/portaria_09_2018_nomeia_rayssa_merces_para_gerencia.pdf\">Portaria n\u00ba 09, de 18 de dezembro de 2018<\/a><br> <a href=\"gerencia@coreconpe.gov.br\">gerencia@coreconpe.gov.br<\/a><\/p>\n\n\n\n<p><b>Rayssa Kelly Melo das Merc\u00eas<\/b><br> CPF: XXX.804.804-XX<br> Contadora<br> <a href=\"https:\/\/coreconpe.gov.br\/uploads\/portarias\/Portaria%2021%202017%20Nomeia%20Rayssa%20Merc%C3%AAs.pdf\">Portaria n\u00ba 21, de 13 de novembro de 2017<\/a><br> <a href=\"financeiro@coreconpe.gov.br\">financeiro@coreconpe.gov.br<\/a><\/p>\n\n\n\n<p><b>Rayssa Kelly Melo das Merc\u00eas<\/b><br> CPF: XXX.804.804-XX<br> Tesoureira<br> <a href=\"https:\/\/coreconpe.gov.br\/transparencia\/wp-content\/uploads\/2020\/portarias\/Portaria-05-2020-Designa-Tesoureira-Rayssa-Merces.pdf\">Portaria n\u00ba 05, de 02 de janeiro de 2020<\/a><br> <a href=\"financeiro@coreconpe.gov.br\">financeiro@coreconpe.gov.br<\/a><\/p>\n","protected":false},"excerpt":{"rendered":"<p>Ana Cl\u00e1udia de Albuquerque Arruda Laprovitera CPF: XXX.957.164-XX Presidente do Corecon-PE Gest\u00e3o 2020 Ata Elei\u00e7\u00e3o 2020 aarruda2012@gmail.com Andr\u00e9 Lima de Morais CPF: XXX.800.244-XX Vice-Presidente do Corecon-PE Gest\u00e3o 2020 Ata Elei\u00e7\u00e3o 2020 andrelmorais@outlook.com Rayssa Kelly Melo das Merc\u00eas CPF: XXX.804.804-XX Gerente Executiva Portaria n\u00ba 09, de 18 de dezembro de 2018 gerencia@coreconpe.gov.br Rayssa Kelly Melo das &hellip; <a href=\"https:\/\/coreconpe.gov.br\/transparencia\/rol-de-responsaveis-2020\/\" class=\"more-link\">Continue reading <span class=\"screen-reader-text\">Rol de Respons\u00e1veis 2020<\/span><\/a><\/p>\n","protected":false},"author":1,"featured_media":0,"parent":0,"menu_order":0,"comment_status":"closed","ping_status":"closed","template":"","meta":{"om_disable_all_campaigns":false,"_monsterinsights_skip_tracking":false,"_monsterinsights_sitenote_active":false,"_monsterinsights_sitenote_note":"","_monsterinsights_sitenote_category":0,"footnotes":""},"class_list":["post-1398","page","type-page","status-publish","hentry"],"aioseo_notices":[],"_links":{"self":[{"href":"https:\/\/coreconpe.gov.br\/transparencia\/wp-json\/wp\/v2\/pages\/1398","targetHints":{"allow":["GET"]}}],"collection":[{"href":"https:\/\/coreconpe.gov.br\/transparencia\/wp-json\/wp\/v2\/pages"}],"about":[{"href":"https:\/\/coreconpe.gov.br\/transparencia\/wp-json\/wp\/v2\/types\/page"}],"author":[{"embeddable":true,"href":"https:\/\/coreconpe.gov.br\/transparencia\/wp-json\/wp\/v2\/users\/1"}],"replies":[{"embeddable":true,"href":"https:\/\/coreconpe.gov.br\/transparencia\/wp-json\/wp\/v2\/comments?post=1398"}],"version-history":[{"count":3,"href":"https:\/\/coreconpe.gov.br\/transparencia\/wp-json\/wp\/v2\/pages\/1398\/revisions"}],"predecessor-version":[{"id":2213,"href":"https:\/\/coreconpe.gov.br\/transparencia\/wp-json\/wp\/v2\/pages\/1398\/revisions\/2213"}],"wp:attachment":[{"href":"https:\/\/coreconpe.gov.br\/transparencia\/wp-json\/wp\/v2\/media?parent=1398"}],"curies":[{"name":"wp","href":"https:\/\/api.w.org\/{rel}","templated":true}]}}

Rol de Responsáveis 2020

<p><b>Ana Cláudia de Albuquerque Arruda Laprovitera</b><br> CPF: XXX.957.164-XX<br> Presidente do Corecon-PE<br> Gestão 2020<br> <a href="https://coreconpe.gov.br/transparencia/wp-content/uploads/2020/atas/ata_da_1_reuniao_ordinaria_do_coreconpe_realizada_no_dia_02_01_2020.pdf">Ata Eleição 2020</a><br> <a heref="mailto:aarruda2012@gmail.com">aarruda2012@gmail.com</a></p>



<p><b>André Lima de Morais</b><br> CPF: XXX.800.244-XX<br> Vice-Presidente do Corecon-PE<br> Gestão 2020<br> <a href="https://coreconpe.gov.br/transparencia/wp-content/uploads/2020/atas/ata_da_1_reuniao_ordinaria_do_coreconpe_realizada_no_dia_02_01_2020.pdf">Ata Eleição 2020</a><br> <a heref="mailto:andrelmorais@outlook.com">andrelmorais@outlook.com</a></p>



<p><b>Rayssa Kelly Melo das Mercês</b><br> CPF: XXX.804.804-XX<br> Gerente Executiva<br> <a href="https://coreconpe.gov.br/transparencia/wp-content/uploads/2018/01/portaria_09_2018_nomeia_rayssa_merces_para_gerencia.pdf">Portaria nº 09, de 18 de dezembro de 2018</a><br> <a href="gerencia@coreconpe.gov.br">gerencia@coreconpe.gov.br</a></p>



<p><b>Rayssa Kelly Melo das Mercês</b><br> CPF: XXX.804.804-XX<br> Contadora<br> <a href="https://coreconpe.gov.br/uploads/portarias/Portaria%2021%202017%20Nomeia%20Rayssa%20Merc%C3%AAs.pdf">Portaria nº 21, de 13 de novembro de 2017</a><br> <a href="financeiro@coreconpe.gov.br">financeiro@coreconpe.gov.br</a></p>



<p><b>Rayssa Kelly Melo das Mercês</b><br> CPF: XXX.804.804-XX<br> Tesoureira<br> <a href="https://coreconpe.gov.br/transparencia/wp-content/uploads/2020/portarias/Portaria-05-2020-Designa-Tesoureira-Rayssa-Merces.pdf">Portaria nº 05, de 02 de janeiro de 2020</a><br> <a href="financeiro@coreconpe.gov.br">financeiro@coreconpe.gov.br</a></p>

<p>Ana Cláudia de Albuquerque Arruda Laprovitera CPF: XXX.957.164-XX Presidente do Corecon-PE Gestão 2020 Ata Eleição 2020 aarruda2012@gmail.com André Lima de Morais CPF: XXX.800.244-XX Vice-Presidente do Corecon-PE Gestão 2020 Ata Eleição 2020 andrelmorais@outlook.com Rayssa Kelly Melo das Mercês CPF: XXX.804.804-XX Gerente Executiva Portaria nº 09, de 18 de dezembro de 2018 gerencia@coreconpe.gov.br Rayssa Kelly Melo das &hellip; <a href="https://coreconpe.gov.br/transparencia/rol-de-responsaveis-2020/" class="more-link">Continue reading <span class="screen-reader-text">Rol de Responsáveis 2020</span></a></p>
