{"id":1395,"date":"2021-04-01T13:32:52","date_gmt":"2021-04-01T16:32:52","guid":{"rendered":"https:\/\/coreconpe.gov.br\/transparencia\/?page_id=1395"},"modified":"2023-05-12T10:54:51","modified_gmt":"2023-05-12T13:54:51","slug":"rol-de-responsaveis-2021","status":"publish","type":"page","link":"https:\/\/coreconpe.gov.br\/transparencia\/rol-de-responsaveis-2021\/","title":{"rendered":"Rol de Respons\u00e1veis 2021"},"content":{"rendered":"\n<p><b>Andr\u00e9 Lima de Morais<\/b><br> CPF: XXX.800.244-XX<br> Presidente do Corecon-PE<br> Gest\u00e3o 2021<br> <a href=\"https:\/\/coreconpe.gov.br\/transparencia\/wp-content\/uploads\/2021\/atas\/ata_da_1_reuniao_ordinaria_do_coreconpe_realizada_no_dia_12_01_2021.pdf\">Ata Elei\u00e7\u00e3o 2021<\/a><br> <a heref=\"mailto:andrelmorais@outlook.com\">andrelmorais@outlook.com<\/a><\/p>\n\n\n\n<p><b>Poema Isis Andrade de Souza<\/b><br> CPF: XXX.266.954-XX<br> Vice-Presidente do Corecon-PE<br> Gest\u00e3o 2021<br> <a href=\"https:\/\/coreconpe.gov.br\/transparencia\/wp-content\/uploads\/2021\/atas\/ata_da_1_reuniao_ordinaria_do_coreconpe_realizada_no_dia_12_01_2021.pdf\">Ata Elei\u00e7\u00e3o 2021<\/a><br> <a href=\"poema.isis@gmail.com\">poema.isis@gmail.com<\/a><\/p>\n\n\n\n<p><b>Rayssa Kelly Melo das Merc\u00eas<\/b><br> CPF: XXX.804.804-XX<br> Gerente Executiva<br> <a href=\"https:\/\/coreconpe.gov.br\/transparencia\/wp-content\/uploads\/2018\/01\/portaria_09_2018_nomeia_rayssa_merces_para_gerencia.pdf\">Portaria n\u00ba 09, de 18 de dezembro de 2018<\/a><br> <a href=\"gerencia@coreconpe.gov.br\">gerencia@coreconpe.gov.br<\/a><\/p>\n\n\n\n<p><b>Rayssa Kelly Melo das Merc\u00eas<\/b><br> CPF: XXX.804.804-XX<br> Contadora<br> <a href=\"https:\/\/coreconpe.gov.br\/uploads\/portarias\/Portaria%2021%202017%20Nomeia%20Rayssa%20Merc%C3%AAs.pdf\">Portaria n\u00ba 21, de 13 de novembro de 2017<\/a><br> <a href=\"financeiro@coreconpe.gov.br\">financeiro@coreconpe.gov.br<\/a><\/p>\n\n\n\n<p><b>Rayssa Kelly Melo das Merc\u00eas<\/b><br> CPF: XXX.804.804-XX<br> Tesoureira<br> <a href=\"https:\/\/coreconpe.gov.br\/transparencia\/wp-content\/uploads\/2021\/portarias\/portaria_04_2021_designa_tesoureira_rayssa_merces.pdf\">Portaria n\u00ba 04, de 14 de janeiro de 2021<\/a><br> <a href=\"financeiro@coreconpe.gov.br\">financeiro@coreconpe.gov.br<\/a><\/p>\n","protected":false},"excerpt":{"rendered":"<p>Andr\u00e9 Lima de Morais CPF: XXX.800.244-XX Presidente do Corecon-PE Gest\u00e3o 2021 Ata Elei\u00e7\u00e3o 2021 andrelmorais@outlook.com Poema Isis Andrade de Souza CPF: XXX.266.954-XX Vice-Presidente do Corecon-PE Gest\u00e3o 2021 Ata Elei\u00e7\u00e3o 2021 poema.isis@gmail.com Rayssa Kelly Melo das Merc\u00eas CPF: XXX.804.804-XX Gerente Executiva Portaria n\u00ba 09, de 18 de dezembro de 2018 gerencia@coreconpe.gov.br Rayssa Kelly Melo das Merc\u00eas &hellip; <a href=\"https:\/\/coreconpe.gov.br\/transparencia\/rol-de-responsaveis-2021\/\" class=\"more-link\">Continue reading <span class=\"screen-reader-text\">Rol de Respons\u00e1veis 2021<\/span><\/a><\/p>\n","protected":false},"author":1,"featured_media":0,"parent":0,"menu_order":0,"comment_status":"closed","ping_status":"closed","template":"","meta":{"om_disable_all_campaigns":false,"_monsterinsights_skip_tracking":false,"_monsterinsights_sitenote_active":false,"_monsterinsights_sitenote_note":"","_monsterinsights_sitenote_category":0,"footnotes":""},"class_list":["post-1395","page","type-page","status-publish","hentry"],"aioseo_notices":[],"_links":{"self":[{"href":"https:\/\/coreconpe.gov.br\/transparencia\/wp-json\/wp\/v2\/pages\/1395","targetHints":{"allow":["GET"]}}],"collection":[{"href":"https:\/\/coreconpe.gov.br\/transparencia\/wp-json\/wp\/v2\/pages"}],"about":[{"href":"https:\/\/coreconpe.gov.br\/transparencia\/wp-json\/wp\/v2\/types\/page"}],"author":[{"embeddable":true,"href":"https:\/\/coreconpe.gov.br\/transparencia\/wp-json\/wp\/v2\/users\/1"}],"replies":[{"embeddable":true,"href":"https:\/\/coreconpe.gov.br\/transparencia\/wp-json\/wp\/v2\/comments?post=1395"}],"version-history":[{"count":2,"href":"https:\/\/coreconpe.gov.br\/transparencia\/wp-json\/wp\/v2\/pages\/1395\/revisions"}],"predecessor-version":[{"id":2212,"href":"https:\/\/coreconpe.gov.br\/transparencia\/wp-json\/wp\/v2\/pages\/1395\/revisions\/2212"}],"wp:attachment":[{"href":"https:\/\/coreconpe.gov.br\/transparencia\/wp-json\/wp\/v2\/media?parent=1395"}],"curies":[{"name":"wp","href":"https:\/\/api.w.org\/{rel}","templated":true}]}}

Rol de Responsáveis 2021

<p><b>André Lima de Morais</b><br> CPF: XXX.800.244-XX<br> Presidente do Corecon-PE<br> Gestão 2021<br> <a href="https://coreconpe.gov.br/transparencia/wp-content/uploads/2021/atas/ata_da_1_reuniao_ordinaria_do_coreconpe_realizada_no_dia_12_01_2021.pdf">Ata Eleição 2021</a><br> <a heref="mailto:andrelmorais@outlook.com">andrelmorais@outlook.com</a></p>



<p><b>Poema Isis Andrade de Souza</b><br> CPF: XXX.266.954-XX<br> Vice-Presidente do Corecon-PE<br> Gestão 2021<br> <a href="https://coreconpe.gov.br/transparencia/wp-content/uploads/2021/atas/ata_da_1_reuniao_ordinaria_do_coreconpe_realizada_no_dia_12_01_2021.pdf">Ata Eleição 2021</a><br> <a href="poema.isis@gmail.com">poema.isis@gmail.com</a></p>



<p><b>Rayssa Kelly Melo das Mercês</b><br> CPF: XXX.804.804-XX<br> Gerente Executiva<br> <a href="https://coreconpe.gov.br/transparencia/wp-content/uploads/2018/01/portaria_09_2018_nomeia_rayssa_merces_para_gerencia.pdf">Portaria nº 09, de 18 de dezembro de 2018</a><br> <a href="gerencia@coreconpe.gov.br">gerencia@coreconpe.gov.br</a></p>



<p><b>Rayssa Kelly Melo das Mercês</b><br> CPF: XXX.804.804-XX<br> Contadora<br> <a href="https://coreconpe.gov.br/uploads/portarias/Portaria%2021%202017%20Nomeia%20Rayssa%20Merc%C3%AAs.pdf">Portaria nº 21, de 13 de novembro de 2017</a><br> <a href="financeiro@coreconpe.gov.br">financeiro@coreconpe.gov.br</a></p>



<p><b>Rayssa Kelly Melo das Mercês</b><br> CPF: XXX.804.804-XX<br> Tesoureira<br> <a href="https://coreconpe.gov.br/transparencia/wp-content/uploads/2021/portarias/portaria_04_2021_designa_tesoureira_rayssa_merces.pdf">Portaria nº 04, de 14 de janeiro de 2021</a><br> <a href="financeiro@coreconpe.gov.br">financeiro@coreconpe.gov.br</a></p>

<p>André Lima de Morais CPF: XXX.800.244-XX Presidente do Corecon-PE Gestão 2021 Ata Eleição 2021 andrelmorais@outlook.com Poema Isis Andrade de Souza CPF: XXX.266.954-XX Vice-Presidente do Corecon-PE Gestão 2021 Ata Eleição 2021 poema.isis@gmail.com Rayssa Kelly Melo das Mercês CPF: XXX.804.804-XX Gerente Executiva Portaria nº 09, de 18 de dezembro de 2018 gerencia@coreconpe.gov.br Rayssa Kelly Melo das Mercês &hellip; <a href="https://coreconpe.gov.br/transparencia/rol-de-responsaveis-2021/" class="more-link">Continue reading <span class="screen-reader-text">Rol de Responsáveis 2021</span></a></p>
