{"id":1385,"date":"2021-04-01T13:15:08","date_gmt":"2021-04-01T16:15:08","guid":{"rendered":"https:\/\/coreconpe.gov.br\/transparencia\/?page_id=1385"},"modified":"2021-04-01T13:15:08","modified_gmt":"2021-04-01T16:15:08","slug":"planejamento-estrategico","status":"publish","type":"page","link":"https:\/\/coreconpe.gov.br\/transparencia\/planejamento-estrategico\/","title":{"rendered":"Planejamento Estrat\u00e9gico"},"content":{"rendered":"\n<h4>OBJETIVOS ESTRAT\u00c9GICOS<\/h4> \n\n<p><b>Objetivo n\u00ba 1<\/b>: Valoriza\u00e7\u00e3o da Profiss\u00e3o de Economista atrav\u00e9s de atua\u00e7\u00e3o frente \u00e0 grande m\u00eddia, atrav\u00e9s da valoriza\u00e7\u00e3o do registro profissional e atrav\u00e9s da representatividade em \u00f3rg\u00e3os como a Junta Comercial, Conselho de Desenvolvimento Urbano e a Universidade Federal de Pernambuco.<\/p>\n \n<p><b>Objetivo n\u00ba 2<\/b>: Realiza\u00e7\u00e3o de eventos, palestras, semin\u00e1rios e mesas redondas, com o intuito de difundir o conhecimento de forma gratuita para os Economistas, estudantes de Economia e para a sociedade de maneira geral.<\/p> \n\n<p><b>Objetivo n\u00ba 3<\/b>: Realiza\u00e7\u00e3o de cursos, como forma de favorecer o aperfei\u00e7oamento profissional dos Economistas registrados e dos estudantes de Economia.<\/p>\n \n<p><b>Objetivo n\u00ba 4<\/b>: Desenvolvimento e utiliza\u00e7\u00e3o do portal da transpar\u00eancia no site do Corecon-PE, para oferecer \u00e0 sociedade o maior n\u00famero de informa\u00e7\u00f5es poss\u00edveis acerca da entidade.<\/p>\n \n<p><b>Objetivo n\u00ba 5<\/b>: Disponibiliza\u00e7\u00e3o do sistema de pagamento on-line no site do Corecon-PE, como forma de facilitar a quita\u00e7\u00e3o das anuidades devidas pelas Pessoas F\u00edsicas e Jur\u00eddicas.<\/p>\n \n<p><b>Objetivo n\u00ba 6<\/b>: Parcerias e conv\u00eanios Institucionais, aumentando continuamente os benef\u00edcios oferecidos aos Economistas registrados.<\/p>\n \n<p><b>Objetivo n\u00ba 7<\/b>: Relacionamento com Institui\u00e7\u00f5es de Ensino, com o intuito de promover a\u00e7\u00f5es e\/ou oferecer descontos aos Economistas registrados.<\/p>\n \n<p><b>Objetivo n\u00ba 8<\/b>: Fiscaliza\u00e7\u00e3o da Profiss\u00e3o.<br>\na) Pessoas F\u00edsicas: Fiscaliza\u00e7\u00e3o em entidades p\u00fablicas e empresas que utilizem servi\u00e7os profissionais de economista, a fim de verificar eventuais casos de exerc\u00edcio ilegal da profiss\u00e3o e solicitar a devida regulariza\u00e7\u00e3o;<br>\nb) Pessoas Jur\u00eddicas: As consultorias e outras empresas que atuam na \u00e1rea de economia e finan\u00e7as, que ainda n\u00e3o providenciaram registro, s\u00e3o identificadas por meio de pesquisas on-line. S\u00e3o encaminhados of\u00edcios solicitando regulariza\u00e7\u00e3o.<\/p>\n \n<p><b>Objetivo n\u00ba 9<\/b>: Cobran\u00e7a de registrados inadimplentes, atrav\u00e9s de Protestos Cartor\u00e1rios e processos de Execu\u00e7\u00e3o Fiscal.<\/p>\n","protected":false},"excerpt":{"rendered":"<p>OBJETIVOS ESTRAT\u00c9GICOS Objetivo n\u00ba 1: Valoriza\u00e7\u00e3o da Profiss\u00e3o de Economista atrav\u00e9s de atua\u00e7\u00e3o frente \u00e0 grande m\u00eddia, atrav\u00e9s da valoriza\u00e7\u00e3o do registro profissional e atrav\u00e9s da representatividade em \u00f3rg\u00e3os como a Junta Comercial, Conselho de Desenvolvimento Urbano e a Universidade Federal de Pernambuco. Objetivo n\u00ba 2: Realiza\u00e7\u00e3o de eventos, palestras, semin\u00e1rios e mesas redondas, com &hellip; <a href=\"https:\/\/coreconpe.gov.br\/transparencia\/planejamento-estrategico\/\" class=\"more-link\">Continue reading <span class=\"screen-reader-text\">Planejamento Estrat\u00e9gico<\/span><\/a><\/p>\n","protected":false},"author":1,"featured_media":0,"parent":0,"menu_order":0,"comment_status":"closed","ping_status":"closed","template":"","meta":{"om_disable_all_campaigns":false,"_monsterinsights_skip_tracking":false,"_monsterinsights_sitenote_active":false,"_monsterinsights_sitenote_note":"","_monsterinsights_sitenote_category":0,"footnotes":""},"class_list":["post-1385","page","type-page","status-publish","hentry"],"aioseo_notices":[],"_links":{"self":[{"href":"https:\/\/coreconpe.gov.br\/transparencia\/wp-json\/wp\/v2\/pages\/1385","targetHints":{"allow":["GET"]}}],"collection":[{"href":"https:\/\/coreconpe.gov.br\/transparencia\/wp-json\/wp\/v2\/pages"}],"about":[{"href":"https:\/\/coreconpe.gov.br\/transparencia\/wp-json\/wp\/v2\/types\/page"}],"author":[{"embeddable":true,"href":"https:\/\/coreconpe.gov.br\/transparencia\/wp-json\/wp\/v2\/users\/1"}],"replies":[{"embeddable":true,"href":"https:\/\/coreconpe.gov.br\/transparencia\/wp-json\/wp\/v2\/comments?post=1385"}],"version-history":[{"count":1,"href":"https:\/\/coreconpe.gov.br\/transparencia\/wp-json\/wp\/v2\/pages\/1385\/revisions"}],"predecessor-version":[{"id":1386,"href":"https:\/\/coreconpe.gov.br\/transparencia\/wp-json\/wp\/v2\/pages\/1385\/revisions\/1386"}],"wp:attachment":[{"href":"https:\/\/coreconpe.gov.br\/transparencia\/wp-json\/wp\/v2\/media?parent=1385"}],"curies":[{"name":"wp","href":"https:\/\/api.w.org\/{rel}","templated":true}]}}

Planejamento Estratégico

<h4>OBJETIVOS ESTRATÉGICOS</h4> 

<p><b>Objetivo nº 1</b>: Valorização da Profissão de Economista através de atuação frente à grande mídia, através da valorização do registro profissional e através da representatividade em órgãos como a Junta Comercial, Conselho de Desenvolvimento Urbano e a Universidade Federal de Pernambuco.</p>
 
<p><b>Objetivo nº 2</b>: Realização de eventos, palestras, seminários e mesas redondas, com o intuito de difundir o conhecimento de forma gratuita para os Economistas, estudantes de Economia e para a sociedade de maneira geral.</p> 

<p><b>Objetivo nº 3</b>: Realização de cursos, como forma de favorecer o aperfeiçoamento profissional dos Economistas registrados e dos estudantes de Economia.</p>
 
<p><b>Objetivo nº 4</b>: Desenvolvimento e utilização do portal da transparência no site do Corecon-PE, para oferecer à sociedade o maior número de informações possíveis acerca da entidade.</p>
 
<p><b>Objetivo nº 5</b>: Disponibilização do sistema de pagamento on-line no site do Corecon-PE, como forma de facilitar a quitação das anuidades devidas pelas Pessoas Físicas e Jurídicas.</p>
 
<p><b>Objetivo nº 6</b>: Parcerias e convênios Institucionais, aumentando continuamente os benefícios oferecidos aos Economistas registrados.</p>
 
<p><b>Objetivo nº 7</b>: Relacionamento com Instituições de Ensino, com o intuito de promover ações e/ou oferecer descontos aos Economistas registrados.</p>
 
<p><b>Objetivo nº 8</b>: Fiscalização da Profissão.<br>
a) Pessoas Físicas: Fiscalização em entidades públicas e empresas que utilizem serviços profissionais de economista, a fim de verificar eventuais casos de exercício ilegal da profissão e solicitar a devida regularização;<br>
b) Pessoas Jurídicas: As consultorias e outras empresas que atuam na área de economia e finanças, que ainda não providenciaram registro, são identificadas por meio de pesquisas on-line. São encaminhados ofícios solicitando regularização.</p>
 
<p><b>Objetivo nº 9</b>: Cobrança de registrados inadimplentes, através de Protestos Cartorários e processos de Execução Fiscal.</p>

<p>OBJETIVOS ESTRATÉGICOS Objetivo nº 1: Valorização da Profissão de Economista através de atuação frente à grande mídia, através da valorização do registro profissional e através da representatividade em órgãos como a Junta Comercial, Conselho de Desenvolvimento Urbano e a Universidade Federal de Pernambuco. Objetivo nº 2: Realização de eventos, palestras, seminários e mesas redondas, com &hellip; <a href="https://coreconpe.gov.br/transparencia/planejamento-estrategico/" class="more-link">Continue reading <span class="screen-reader-text">Planejamento Estratégico</span></a></p>
