{"id":13,"date":"2017-07-18T16:07:04","date_gmt":"2017-07-18T19:07:04","guid":{"rendered":"http:\/\/coreconpe.org.br\/transparencia\/?page_id=13"},"modified":"2017-07-18T17:30:43","modified_gmt":"2017-07-18T20:30:43","slug":"principal","status":"publish","type":"page","link":"https:\/\/coreconpe.gov.br\/transparencia\/","title":{"rendered":""},"content":{"rendered":"<p>Bem-vindo ao Portal da Transpar\u00eancia do Conselho Regional de Economia de Pernambuco, uma ferramenta que permite ao p\u00fablico acessar as informa\u00e7\u00f5es de forma r\u00e1pida e cont\u00ednua.<\/p>\n<p>As informa\u00e7\u00f5es do Portal t\u00eam como objetivo atender a Lei n\u00ba 12.527, de 18 de novembro de 2011, que regula o acesso a informa\u00e7\u00f5es previsto no inciso XXXIII do art. 5\u00ba, no inciso II do \u00a7 3\u00ba do art. 37 e no \u00a7 2\u00ba do art. 216 da Constitui\u00e7\u00e3o Federal; altera a Lei n\u00ba 8.112, de 11 de dezembro de 1990; revoga a Lei n\u00ba 11.111, de 5 de maio de 2005, e dispositivos da Lei n\u00ba 8.159, de 8 de janeiro de 1991; e d\u00e1 outras provid\u00eancias.<\/p>\n","protected":false},"excerpt":{"rendered":"<p>Bem-vindo ao Portal da Transpar\u00eancia do Conselho Regional de Economia de Pernambuco, uma ferramenta que permite ao p\u00fablico acessar as informa\u00e7\u00f5es de forma r\u00e1pida e cont\u00ednua. As informa\u00e7\u00f5es do Portal t\u00eam como objetivo atender a Lei n\u00ba 12.527, de 18 de novembro de 2011, que regula o acesso a informa\u00e7\u00f5es previsto no inciso XXXIII do &hellip; <a href=\"https:\/\/coreconpe.gov.br\/transparencia\/\" class=\"more-link\">Continue reading <span class=\"screen-reader-text\"><\/span><\/a><\/p>\n","protected":false},"author":1,"featured_media":0,"parent":0,"menu_order":0,"comment_status":"closed","ping_status":"closed","template":"","meta":{"om_disable_all_campaigns":false,"_monsterinsights_skip_tracking":false,"_monsterinsights_sitenote_active":false,"_monsterinsights_sitenote_note":"","_monsterinsights_sitenote_category":0,"footnotes":""},"class_list":["post-13","page","type-page","status-publish","hentry"],"aioseo_notices":[],"_links":{"self":[{"href":"https:\/\/coreconpe.gov.br\/transparencia\/wp-json\/wp\/v2\/pages\/13","targetHints":{"allow":["GET"]}}],"collection":[{"href":"https:\/\/coreconpe.gov.br\/transparencia\/wp-json\/wp\/v2\/pages"}],"about":[{"href":"https:\/\/coreconpe.gov.br\/transparencia\/wp-json\/wp\/v2\/types\/page"}],"author":[{"embeddable":true,"href":"https:\/\/coreconpe.gov.br\/transparencia\/wp-json\/wp\/v2\/users\/1"}],"replies":[{"embeddable":true,"href":"https:\/\/coreconpe.gov.br\/transparencia\/wp-json\/wp\/v2\/comments?post=13"}],"version-history":[{"count":4,"href":"https:\/\/coreconpe.gov.br\/transparencia\/wp-json\/wp\/v2\/pages\/13\/revisions"}],"predecessor-version":[{"id":2103,"href":"https:\/\/coreconpe.gov.br\/transparencia\/wp-json\/wp\/v2\/pages\/13\/revisions\/2103"}],"wp:attachment":[{"href":"https:\/\/coreconpe.gov.br\/transparencia\/wp-json\/wp\/v2\/media?parent=13"}],"curies":[{"name":"wp","href":"https:\/\/api.w.org\/{rel}","templated":true}]}}